hat is the remainder when a is divided by 14?
11
Let l be -5*(-2 - -3)*-1. Suppose 3*c - d - 4 = 1, 0 = -l*c - d + 19. What is the remainder when 4 is divided by c?
1
Let i(u) = u**2 - 4. Let c(z) = z**2 + 5*z - 4. Let m be c(-3). Let d be 88/(-20) + (-4)/m. Calculate the remainder when i(d) is divided by 7.
5
What is the remainder when (-143)/(-1) + (6 - 5) is divided by 21?
18
Suppose l + 56 = 2*d, -5*d + 7*l + 135 = 2*l. What is the remainder when d is divided by 6?
5
Let m be ((-1)/2)/((-1)/(-14)). Let l(f) = f**3 + 8*f**2 + 3*f - 1. Let d be l(m). Suppose -5*a - 2 + d = 0. Calculate the remainder when a is divided by 2.
1
Let r be (1 + 0)/((-1)/(-3)). Suppose -44 = -2*v + r*c, -5*v - 3*c + 5*c = -110. What is the remainder when v is divided by 12?
10
Calculate the remainder when (2/2)/(9/153) is divided by 6.
5
Suppose -3 = 3*s - 5*w, 3*s + 0*s - 4*w = 0. Suppose s = 2*n - 4*z, n - 2*n + 3*z = 0. Let x = n + 3. Calculate the remainder when 35 is divided by x.
8
Let d(i) = 77*i - 15. Calculate the remainder when d(1) is divided by 33.
29
Let m be (20/(-25))/(2/10). Calculate the remainder when 13 is divided by 1*(-32)/m + -1.
6
Let o = 8 + -9. Let r be (1 - o)*292/8. Suppose -3*p = -r + 25. Calculate the remainder when 47 is divided by p.
15
Let p(x) be the second derivative of -x**3/2 - x**2 - x. Calculate the remainder when 54 is divided by p(-7).
16
Let a(x) = 5*x + 3. Let l = 19 - 12. Calculate the remainder when a(l) is divided by 13.
12
Suppose y + 150 = 6*y + 5*l, -20 = -5*l. What is the remainder when 75 is divided by y?
23
Let l(n) be the third derivative of -n**5/60 - 5*n**4/12 - 4*n**3/3 - n**2. Suppose 5*a + 25 + 5 = 0. Calculate the remainder when l(a) is divided by 9.
7
Let s = 143 + -13. What is the remainder when s is divided by 22?
20
Suppose 2*n + 0 - 4 = 0. Suppose n*r - 5 = 1. Suppose -2*z = r*i - 40, 4*z - 5 = 4*i + 35. What is the remainder when 27 is divided by z?
13
Suppose -4 = -3*t - 16, 2*x - 42 = 3*t. What is the remainder when x is divided by 6?
3
Let s(t) = t**2 - 5*t + 1. Let l be s(5). Let q(i) = i**3 + 6*i**2 + 5*i - 3. What is the remainder when 16 + (-1)/(0 - l) is divided by q(-4)?
8
Suppose 4*v - 84 = 24. Suppose -3*o = -v - 27. Calculate the remainder when o is divided by ((-2)/6)/((-3)/117) + -3.
8
Suppose -2*m + 120 = 36. What is the remainder when 208 is divided by m?
40
Let u be 3/(-1)*(-82)/(-3). Let t = -39 - u. Let c(s) = s**2 - 12*s + 11. What is the remainder when t is divided by c(12)?
10
Suppose 0 = 2*c + m - 39, -c - 5*m = -3*m - 18. Let a = -8 + c. What is the remainder when 23 is divided by a?
11
Suppose 0 = -4*k + 3*m + 33, m = k + 2*m - 17. Suppose -4*v - 23 = -5*c, 2*v - 5*v + 2*c = k. Calculate the remainder when 29 is divided by (v/3)/((-4)/90).
14
Suppose -3*v = -22 - 26. What is the remainder when 63 is divided by v?
15
Let w(i) = -i - 10. What is the remainder when 6 is divided by w(-13)?
0
Suppose -4*x + 40 = -2*x. Calculate the remainder when 78 is divided by x.
18
Let j(a) = -2*a**2 - 20*a - 9. Calculate the remainder when 44 is divided by j(-9).
8
Suppose 5*s - 14 - 11 = 0. Calculate the remainder when 60 is divided by 81/s - 4/20.
12
Let o be 8/(((-6)/(-9))/1). What is the remainder when 4 is divided by 8/o + 7/3?
1
Suppose 2*s - 4 = -2*c, -38 = -4*c + s + s. Suppose -39 = -q - 2*q. What is the remainder when q is divided by c?
6
Let c(a) = -11*a**3 - 2*a - 1. Let r(u) = 7*u + 4. Suppose -f + 6 = -0*f. Calculate the remainder when r(f) is divided by c(-1).
10
Suppose 86 + 14 = 5*k. What is the remainder when 38 is divided by k?
18
Let c = -58 + 18. Let f = -26 - c. Calculate the remainder when 41 is divided by f.
13
Suppose 5*x = -p + 55, 0 = -3*x + 5*x + 2*p - 30. Calculate the remainder when 27 is divided by x.
7
Let s = -3 - -7. Suppose r = c + 1, -3*r = 2*c - 2*r - s. What is the remainder when c is divided by 1?
0
Let g(k) = -k + 5. Let r be g(0). Suppose x - r*i + 1 = 0, -3*x - 6*i + 87 = -3*i. Suppose -l + 188 = 3*l. What is the remainder when l is divided by x?
23
Let n be (1 + 0)*3 + 1. Suppose -n*k + 100 = -x + 5*x, 4*x + 50 = 2*k. Calculate the remainder when k is divided by 13.
12
Let x = -28 + 16. Let q(y) = y**3 + 11*y**2 - 14*y - 8. What is the remainder when 2/((-6)/61)*-3 is divided by q(x)?
13
Let g = 147 + -60. Suppose -3*k - 15 = 0, -3*y + 5*k = -2*y - 47. What is the remainder when g is divided by y?
21
Suppose l - 2*l + 3 = 0. Let n = 12 + -10. What is the remainder when l is divided by n?
1
Let i = 2 - -1. Let z = i - 19. What is the remainder when ((-20)/z)/(1/4) is divided by 3?
2
Suppose 2*f - 76 = -3*k, -2*k + 0*f + f = -39. Let z = k - 1. Suppose -5*n + z = 6. Calculate the remainder when 9 is divided by n.
0
Let x(m) = -m + 8. Let d = 57 - 2. What is the remainder when d is divided by x(-6)?
13
Suppose 193 = 5*f - 7. Calculate the remainder when f is divided by 15.
10
Calculate the remainder when 30 is divided by (1/3)/(-1 - 25/(-24)).
6
Let v = 9 - 4. Let p = -9 + 21. Calculate the remainder when p is divided by v.
2
Suppose -5*v + 0*v = 0. Suppose a - 3*a = -26. What is the remainder when 37 - v*(-3 + 2) is divided by a?
11
Suppose -2*l = -6 - 12. Suppose 2*p - 2 + 0 = 0. What is the remainder when 132/8 - p/2 is divided by l?
7
Suppose 2*q - 38 = 5*h - h, -2*q + 34 = -2*h. Suppose -4 = x - q. Let g(p) = 9*p**2 - 4*p + 4. Calculate the remainder when g(2) is divided by x.
10
Let a(u) be the third derivative of -u**4/6 + u**3/6 - 8*u**2. Suppose -v = y + 2*v + 1, -4 = 4*y - 2*v. Calculate the remainder when 9 is divided by a(y).
4
Suppose 14*b = 2*b + 576. What is the remainder when b is divided by 17?
14
Suppose -l + 4 = -0*l. Suppose l = h - 6. Calculate the remainder when 59 is divided by h.
9
Calculate the remainder when 1 - (-236)/((-20)/(-5)) is divided by 31.
29
Let l = 3 - -10. Calculate the remainder when 74 is divided by l.
9
Let g = 69 + -6. Suppose 10*f - 5*f - 3*n = 110, 4*n + 44 = 2*f. Calculate the remainder when g is divided by f.
19
Let i = -7 + 5. Calculate the remainder when 8 is divided by i/5 - 81/(-15).
3
Suppose -4*f + 7*f + 96 = 0. Calculate the remainder when (-187)/(-4) + 2/8 is divided by f/(-6)*(0 + 3).
15
Suppose -3*p = 5*c - 39 + 9, 0 = p + c - 8. What is the remainder when 9 is divided by p?
4
Let i = 83 - 78. Calculate the remainder when i is divided by 4.
1
Let n = 41 - 23. Calculate the remainder when 30 is divided by 2/(1 + -2) + n.
14
Suppose -2*c - k + 3 - 1 = 0, -5*k = 3*c - 17. Calculate the remainder when (2/6)/((-1)/(-33)) is divided by -1 - (-10 + 2 - c).
5
Suppose 4*j - 720 = 5*d, -2*j + d + 157 = -209. Suppose 0*o - j = -5*o. Suppose l - 3*k - o = -0*l, 20 = -5*k. What is the remainder when l is divided by 13?
12
Let g = -7 + 11. Let d(c) = c**2 - 3*c + 6. What is the remainder when d(g) is divided by 4?
2
Suppose -6 - 2 = -2*g + 5*o, 2*o = 8. Let u = -3 + 5. Suppose -5*x = u*m - 30, -2*x - 3 + 26 = 3*m. Calculate the remainder when g is divided by m.
4
Let q(d) = -d**3 - 2*d**2 - 3*d - 1. Let y be q(-2). Suppose y*m - 8 = 3*m. What is the remainder when 6 is divided by m?
2
Calculate the remainder when 27 is divided by 17 - (15/5)/3.
11
What is the remainder when -1 - 9/(-7) - 7080/(-210) is divided by (-1)/(1/2) - -14?
10
Let i = 6 - 7. What is the remainder when 0 - (i + 5)*-5 is divided by 7?
6
Suppose 3*x = -4*f + 32, 2*f + 3*x - 2*x - 14 = 0. Let l(h) = h + 14. Calculate the remainder when l(0) is divided by f.
4
Suppose 73 = -0*c + c - 2*g, 3*c = 5*g + 220. What is the remainder when c is divided by 26?
23
Let s = 81 + -52. What is the remainder when s is divided by (18/(-15))/((-2)/25)?
14
Let w(j) = 29*j - 7. Let s = 10 - -77. Calculate the remainder when s is divided by w(1).
21
Let o be ((-24)/9)/4*-6. Suppose j + o*l + 4 = 5*l, j - 8 = -2*l. Suppose 5*a - 45 = -j*a. Calculate the remainder when 16 is divided by a.
7
Let h = 3 - -2. Suppose -h*t + 0*t + 25 = 0. What is the remainder when 12 is divided by t?
2
Let t be -9*4/(-12) + 0. Suppose t*f - 105 = 36. What is the remainder when f is divided by 25?
22
Let j = 402 + -626. Let s = j - -419. Suppose 2*g + g = s. What is the remainder when g is divided by 17?
14
Suppose 148 = -6*w + 10*w. What is the remainder when w is divided by 14?
9